{"id":198,"date":"2026-02-20T16:22:21","date_gmt":"2026-02-20T20:22:21","guid":{"rendered":"https:\/\/kamaniaudio.com\/procesandoideas\/?page_id=198"},"modified":"2026-04-06T20:55:52","modified_gmt":"2026-04-07T00:55:52","slug":"lista","status":"publish","type":"page","link":"https:\/\/kamaniaudio.com\/procesandoideas\/lista\/","title":{"rendered":"Lista de correo"},"content":{"rendered":"\n<p><strong>\u00a1Qu\u00e9 alegr\u00eda saludarte!<\/strong><\/p>\n\n\n\n<p>Soy Richard y te agradezco mucho que te hayas pasado por la web de <strong>Procesando Ideas<\/strong>. Si disfrutas del <a href=\"https:\/\/pod.link\/1622115134\" target=\"_blank\" rel=\"noopener nofollow\" title=\"\">podcast<\/a>, este es el lugar donde podemos conectar de forma m\u00e1s directa y personal, sin algoritmos de por medio.<\/p>\n\n\n\n<p><strong>\u00bfQu\u00e9 vas a recibir al suscribirte?<\/strong><\/p>\n\n\n\n<ul class=\"wp-block-list\">\n<li><strong>Avisos de nuevos episodios:<\/strong> Como publico dos veces al mes, <strong>recibir\u00e1s un par de correos con m\u00e1s sustancia<\/strong> para que no te pierdas ninguna charla o reflexi\u00f3n.<\/li>\n\n\n\n<li><strong>Mi Newsletter mensual:<\/strong> Una reflexi\u00f3n principal, resumen con lo mejor del mes, recomendaciones y lecturas que me han marcado. Puedes darle un vistazo <a href=\"https:\/\/procesandoideas.substack.com\/\" target=\"_blank\" rel=\"noopener\" title=\"aqu\u00ed\">aqu\u00ed<\/a>.<\/li>\n\n\n\n<li><strong>\u00abDetr\u00e1s del micr\u00f3fono\u00bb:<\/strong> De vez en cuando, te compartir\u00e9 mis propios <strong>flujos de trabajo<\/strong> y procesos internos que creo que te pueden servir para tus proyectos.<\/li>\n\n\n\n<li><strong>Primicias y eventos:<\/strong> Te enterar\u00e1s primero de nuevos cursos, directos o webinars que organice.<\/li>\n<\/ul>\n\n\n\n<p><strong>Mi compromiso contigo:<\/strong> <em>Tu correo es un espacio sagrado<\/em>. Respeto tu privacidad por encima de todo; esta lista no se usar\u00e1 para nada m\u00e1s que lo que ves aqu\u00ed. Sin spam, solo contenido que de verdad aporte.<\/p>\n\n\n\n<!-- Begin Brevo Form -->\n<!-- START - We recommend to place the below code in head tag of your website html  -->\n<style>\n  @font-face {\n    font-display: block;\n    font-family: Roboto;\n    src: url(https:\/\/assets.brevo.com\/font\/Roboto\/Latin\/normal\/normal\/7529907e9eaf8ebb5220c5f9850e3811.woff2) format(\"woff2\"), url(https:\/\/assets.brevo.com\/font\/Roboto\/Latin\/normal\/normal\/25c678feafdc175a70922a116c9be3e7.woff) format(\"woff\")\n  }\n\n  @font-face {\n    font-display: fallback;\n    font-family: Roboto;\n    font-weight: 600;\n    src: url(https:\/\/assets.brevo.com\/font\/Roboto\/Latin\/medium\/normal\/6e9caeeafb1f3491be3e32744bc30440.woff2) format(\"woff2\"), url(https:\/\/assets.brevo.com\/font\/Roboto\/Latin\/medium\/normal\/71501f0d8d5aa95960f6475d5487d4c2.woff) format(\"woff\")\n  }\n\n  @font-face {\n    font-display: fallback;\n    font-family: Roboto;\n    font-weight: 700;\n    src: url(https:\/\/assets.brevo.com\/font\/Roboto\/Latin\/bold\/normal\/3ef7cf158f310cf752d5ad08cd0e7e60.woff2) format(\"woff2\"), url(https:\/\/assets.brevo.com\/font\/Roboto\/Latin\/bold\/normal\/ece3a1d82f18b60bcce0211725c476aa.woff) format(\"woff\")\n  }\n\n  #sib-container input:-ms-input-placeholder {\n    text-align: left;\n    font-family: Helvetica, sans-serif;\n    color: #c0ccda;\n  }\n\n  #sib-container input::placeholder {\n    text-align: left;\n    font-family: Helvetica, sans-serif;\n    color: #c0ccda;\n  }\n\n  #sib-container textarea::placeholder {\n    text-align: left;\n    font-family: Helvetica, sans-serif;\n    color: #c0ccda;\n  }\n\n  #sib-container a {\n    text-decoration: underline;\n    color: #2BB2FC;\n  }\n<\/style>\n<link rel=\"stylesheet\" href=\"https:\/\/sibforms.com\/forms\/end-form\/build\/sib-styles.css\">\n<!--  END - We recommend to place the above code in head tag of your website html -->\n\n<!-- START - We recommend to place the below code where you want the form in your website html  -->\n<div class=\"sib-form\" style=\"text-align: center;\n         background-color: #ffffff;                                 \">\n  <div id=\"sib-form-container\" class=\"sib-form-container\">\n    <div id=\"error-message\" class=\"sib-form-message-panel\" style=\"font-size:16px; text-align:left; font-family:Helvetica, sans-serif; color:#661d1d; background-color:#ffeded; border-radius:3px; border-color:#ff4949;max-width:540px;\">\n      <div class=\"sib-form-message-panel__text sib-form-message-panel__text--center\">\n        <svg viewBox=\"0 0 512 512\" class=\"sib-icon sib-notification__icon\">\n          <path d=\"M256 40c118.621 0 216 96.075 216 216 0 119.291-96.61 216-216 216-119.244 0-216-96.562-216-216 0-119.203 96.602-216 216-216m0-32C119.043 8 8 119.083 8 256c0 136.997 111.043 248 248 248s248-111.003 248-248C504 119.083 392.957 8 256 8zm-11.49 120h22.979c6.823 0 12.274 5.682 11.99 12.5l-7 168c-.268 6.428-5.556 11.5-11.99 11.5h-8.979c-6.433 0-11.722-5.073-11.99-11.5l-7-168c-.283-6.818 5.167-12.5 11.99-12.5zM256 340c-15.464 0-28 12.536-28 28s12.536 28 28 28 28-12.536 28-28-12.536-28-28-28z\" \/>\n        <\/svg>\n        <span class=\"sib-form-message-panel__inner-text\">\n                          No hemos podido validar tu suscripci\u00f3n.\n                      <\/span>\n      <\/div>\n    <\/div>\n    <div><\/div>\n    <div id=\"success-message\" class=\"sib-form-message-panel\" style=\"font-size:16px; text-align:left; font-family:Helvetica, sans-serif; color:#085229; background-color:#e7faf0; border-radius:3px; border-color:#13ce66;max-width:540px;\">\n      <div class=\"sib-form-message-panel__text sib-form-message-panel__text--center\">\n        <svg viewBox=\"0 0 512 512\" class=\"sib-icon sib-notification__icon\">\n          <path d=\"M256 8C119.033 8 8 119.033 8 256s111.033 248 248 248 248-111.033 248-248S392.967 8 256 8zm0 464c-118.664 0-216-96.055-216-216 0-118.663 96.055-216 216-216 118.664 0 216 96.055 216 216 0 118.663-96.055 216-216 216zm141.63-274.961L217.15 376.071c-4.705 4.667-12.303 4.637-16.97-.068l-85.878-86.572c-4.667-4.705-4.637-12.303.068-16.97l8.52-8.451c4.705-4.667 12.303-4.637 16.97.068l68.976 69.533 163.441-162.13c4.705-4.667 12.303-4.637 16.97.068l8.451 8.52c4.668 4.705 4.637 12.303-.068 16.97z\" \/>\n        <\/svg>\n        <span class=\"sib-form-message-panel__inner-text\">\n                          Se ha realizado tu suscripci\u00f3n. Por favor, verifica tu correo electr\u00f3nico. Gracias\n                      <\/span>\n      <\/div>\n    <\/div>\n    <div><\/div>\n    <div id=\"sib-container\" class=\"sib-container--large sib-container--vertical\" style=\"text-align:center; background-color:rgba(255,255,255,1); max-width:540px; border-radius:3px; border-width:1px; border-color:#C0CCD9; border-style:solid; direction:ltr\">\n      <form id=\"sib-form\" method=\"POST\" action=\"https:\/\/4d589284.sibforms.com\/serve\/MUIFADjtO7xdvf568I2Yex7FZ-x5ak64xSChIZlLzd-4I-O7YEyRSo27h0LaO9chgvNnUsTI_f6PQYACd9GbWEVV7b0MWHmUDEluMEDAxsyuxn8gzK07TGvxIii9ZjbQ4bu5WnMY-ffs1o2prDbVCKF863KvtdfWnDo3VUW-JftmGTQjgQVeunAKk2qWrtwIF7Whw3m2d5us8Wtg\" data-type=\"subscription\">\n        <div style=\"padding: 8px 0;\">\n          <div class=\"sib-input sib-form-block\">\n            <div class=\"form__entry entry_block\">\n              <div class=\"form__label-row \">\n                <label class=\"entry__label\" style=\"font-weight: 700; text-align:left; font-size:16px; text-align:left; font-weight:700; font-family:Helvetica, sans-serif; color:#3c4858;\" for=\"EMAIL\" data-required=\"*\">Ingresa tu direcci\u00f3n de e-mail:<\/label>\n\n                <div class=\"entry__field\">\n                  <input class=\"input \" type=\"text\" id=\"EMAIL\" name=\"EMAIL\" autocomplete=\"off\" placeholder=\"EMAIL\" data-required=\"true\" required \/>\n                <\/div>\n              <\/div>\n\n              <label class=\"entry__error entry__error--primary\" style=\"font-size:16px; text-align:left; font-family:Helvetica, sans-serif; color:#661d1d; background-color:#ffeded; border-radius:3px; border-color:#ff4949;\">\n              <\/label>\n              <label class=\"entry__specification\" style=\"font-size:12px; text-align:left; font-family:Helvetica, sans-serif; color:#8390A4; text-align:left\">\n                Anota tu correo electr\u00f3nico para suscribirte. Ej.: abc@xyz.com\n              <\/label>\n            <\/div>\n          <\/div>\n        <\/div>\n        <div style=\"padding: 8px 0;\">\n          <div class=\"sib-input sib-form-block\">\n            <div class=\"form__entry entry_block\">\n              <div class=\"form__label-row \">\n                <label class=\"entry__label\" style=\"font-weight: 700; text-align:left; font-size:16px; text-align:left; font-weight:700; font-family:Helvetica, sans-serif; color:#3c4858;\" for=\"NOMBRE\">Tu nombre<\/label>\n\n                <div class=\"entry__field\">\n                  <input class=\"input \" maxlength=\"200\" type=\"text\" id=\"NOMBRE\" name=\"NOMBRE\" autocomplete=\"off\" placeholder=\"NOMBRE\" \/>\n                <\/div>\n              <\/div>\n\n              <label class=\"entry__error entry__error--primary\" style=\"font-size:16px; text-align:left; font-family:Helvetica, sans-serif; color:#661d1d; background-color:#ffeded; border-radius:3px; border-color:#ff4949;\">\n              <\/label>\n              <label class=\"entry__specification\" style=\"font-size:12px; text-align:left; font-family:Helvetica, sans-serif; color:#8390A4; text-align:left\">\n                Tu nombre completo\n              <\/label>\n            <\/div>\n          <\/div>\n        <\/div>\n        <div style=\"padding: 8px 0;\">\n          <div class=\"sib-captcha sib-form-block\">\n            <div class=\"form__entry entry_block\">\n              <div class=\"form__label-row \">\n                <script>\n                  function handleCaptchaResponse() {\n                    var event = new Event('captchaChange');\n                    document.getElementById('sib-captcha').dispatchEvent(event);\n                    window.grecaptcha = window.turnstile;\n                  }\n                <\/script>\n                <div class=\"cf-turnstile g-recaptcha\" data-sitekey=\"0x4AAAAAAA1FAm6-vNGNvks7\" id=\"sib-captcha\" data-callback=\"handleCaptchaResponse\" data-language=\"es\"><\/div>\n              <\/div>\n              <label class=\"entry__error entry__error--primary\" style=\"font-size:16px; text-align:left; font-family:Helvetica, sans-serif; color:#661d1d; background-color:#ffeded; border-radius:3px; border-color:#ff4949;\">\n              <\/label>\n              <label class=\"entry__specification\" style=\"font-size:12px; text-align:left; font-family:Helvetica, sans-serif; color:#8390A4; text-align:left\">\n                Formulario asegurado por Cloudflare Turnstile\n              <\/label>\n            <\/div>\n          <\/div>\n        <\/div>\n        <div style=\"padding: 8px 0;\">\n          <div class=\"sib-form-block\" style=\"text-align: left\">\n            <button class=\"sib-form-block__button sib-form-block__button-with-loader\" style=\"font-size:16px; text-align:left; font-weight:700; font-family:Helvetica, sans-serif; color:#FFFFFF; background-color:#298879; border-radius:3px; border-width:0px;\" form=\"sib-form\" type=\"submit\">\n              <svg class=\"icon clickable__icon progress-indicator__icon sib-hide-loader-icon\" viewBox=\"0 0 512 512\" style=\"\">\n                <path d=\"M460.116 373.846l-20.823-12.022c-5.541-3.199-7.54-10.159-4.663-15.874 30.137-59.886 28.343-131.652-5.386-189.946-33.641-58.394-94.896-95.833-161.827-99.676C261.028 55.961 256 50.751 256 44.352V20.309c0-6.904 5.808-12.337 12.703-11.982 83.556 4.306 160.163 50.864 202.11 123.677 42.063 72.696 44.079 162.316 6.031 236.832-3.14 6.148-10.75 8.461-16.728 5.01z\" \/>\n              <\/svg>\n              SUSCRIBIRSE\n            <\/button>\n          <\/div>\n        <\/div>\n\n        <input type=\"text\" name=\"email_address_check\" value=\"\" class=\"input--hidden\">\n        <input type=\"hidden\" name=\"locale\" value=\"es\">\n      <\/form>\n    <\/div>\n  <\/div>\n<\/div>\n<!-- END - We recommend to place the above code where you want the form in your website html  -->\n\n<!-- START - We recommend to place the below code in footer or bottom of your website html  -->\n<script>\n  window.REQUIRED_CODE_ERROR_MESSAGE = 'Elija un c\u00f3digo de pa\u00eds';\n  window.LOCALE = 'es';\n  window.EMAIL_INVALID_MESSAGE = window.SMS_INVALID_MESSAGE = \"La informaci\u00f3n que has proporcionado no es v\u00e1lida. Comprueba el formato del campo e int\u00e9ntalo de nuevo.\";\n\n  window.REQUIRED_ERROR_MESSAGE = \"Este campo no puede quedarse vac\u00edo. \";\n\n  window.GENERIC_INVALID_MESSAGE = \"La informaci\u00f3n que has proporcionado no es v\u00e1lida. Comprueba el formato del campo e int\u00e9ntalo de nuevo.\";\n\n\n\n\n  window.translation = {\n    common: {\n      selectedList: '{quantity} lista seleccionada',\n      selectedLists: '{quantity} listas seleccionadas',\n      selectedOption: '{quantity} seleccionado',\n      selectedOptions: '{quantity} seleccionados',\n    }\n  };\n\n  var AUTOHIDE = Boolean(0);\n<\/script>\n\n<script defer src=\"https:\/\/sibforms.com\/forms\/end-form\/build\/main.js\"><\/script>\n\n<script src=\"https:\/\/challenges.cloudflare.com\/turnstile\/v0\/api.js\" async defer><\/script>\n\n<!-- END - We recommend to place the above code in footer or bottom of your website html  -->\n<!-- End Brevo Form -->\n\n\n\n<p><\/p>\n\n\n\n<p>\ud83d\udce9 Un peque\u00f1o favor para que no nos perdamos el rastro:<\/p>\n\n\n\n<p>A veces los filtros de correo se ponen un poco estrictos. Para asegurarte de que mis mensajes te lleguen:<\/p>\n\n\n\n<ol start=\"1\" class=\"wp-block-list\">\n<li><strong>Revisa tu bandeja de entrada<\/strong> ahora mismo para confirmar tu suscripci\u00f3n. Busca mi correo: <em>richard@pachakamani.com<\/em><\/li>\n\n\n\n<li>Si no ves el mensaje, b\u00fascalo en <strong>\u00abSpam\u00bb<\/strong>, <strong>\u00abNotificaciones\u00bb<\/strong> o <strong>\u00abPromociones\u00bb<\/strong>.<\/li>\n\n\n\n<li><strong>Mu\u00e9velo a tu \u00abBandeja de Entrada Principal\u00bb<\/strong> y a\u00f1ade este email a tus contactos. \u00a1As\u00ed no nos perderemos nada!<\/li>\n<\/ol>\n\n\n\n<p><strong>\u00a1Nos vemos en el pr\u00f3ximo env\u00edo!<\/strong><\/p>\n","protected":false},"excerpt":{"rendered":"<p>Suscr\u00edbete a nuestra lista de correo para recibir las novedades de Procesando Ideas. Desde aqu\u00ed compartiremos una selecci\u00f3n de informaci\u00f3n, recomendaciones y primicias.<\/p>\n","protected":false},"author":25,"featured_media":55,"parent":0,"menu_order":0,"comment_status":"closed","ping_status":"closed","template":"","meta":{"_uag_custom_page_level_css":"","site-sidebar-layout":"default","site-content-layout":"","ast-site-content-layout":"narrow-width-container","site-content-style":"default","site-sidebar-style":"default","ast-global-header-display":"","ast-banner-title-visibility":"","ast-main-header-display":"","ast-hfb-above-header-display":"","ast-hfb-below-header-display":"","ast-hfb-mobile-header-display":"","site-post-title":"","ast-breadcrumbs-content":"","ast-featured-img":"disabled","footer-sml-layout":"","ast-disable-related-posts":"","theme-transparent-header-meta":"","adv-header-id-meta":"","stick-header-meta":"","header-above-stick-meta":"","header-main-stick-meta":"","header-below-stick-meta":"","astra-migrate-meta-layouts":"default","ast-page-background-enabled":"default","ast-page-background-meta":{"desktop":{"background-color":"var(--ast-global-color-5)","background-image":"","background-repeat":"repeat","background-position":"center center","background-size":"auto","background-attachment":"scroll","background-type":"","background-media":"","overlay-type":"","overlay-color":"","overlay-opacity":"","overlay-gradient":""},"tablet":{"background-color":"","background-image":"","background-repeat":"repeat","background-position":"center center","background-size":"auto","background-attachment":"scroll","background-type":"","background-media":"","overlay-type":"","overlay-color":"","overlay-opacity":"","overlay-gradient":""},"mobile":{"background-color":"","background-image":"","background-repeat":"repeat","background-position":"center center","background-size":"auto","background-attachment":"scroll","background-type":"","background-media":"","overlay-type":"","overlay-color":"","overlay-opacity":"","overlay-gradient":""}},"ast-content-background-meta":{"desktop":{"background-color":"var(--ast-global-color-4)","background-image":"","background-repeat":"repeat","background-position":"center center","background-size":"auto","background-attachment":"scroll","background-type":"","background-media":"","overlay-type":"","overlay-color":"","overlay-opacity":"","overlay-gradient":""},"tablet":{"background-color":"var(--ast-global-color-4)","background-image":"","background-repeat":"repeat","background-position":"center center","background-size":"auto","background-attachment":"scroll","background-type":"","background-media":"","overlay-type":"","overlay-color":"","overlay-opacity":"","overlay-gradient":""},"mobile":{"background-color":"var(--ast-global-color-4)","background-image":"","background-repeat":"repeat","background-position":"center center","background-size":"auto","background-attachment":"scroll","background-type":"","background-media":"","overlay-type":"","overlay-color":"","overlay-opacity":"","overlay-gradient":""}},"slim_seo":{"facebook_image":"https:\/\/kamaniaudio.com\/procesandoideas\/wp-content\/uploads\/sites\/4\/2025\/10\/06-pi-dia-podcast.jpg","twitter_image":"https:\/\/kamaniaudio.com\/procesandoideas\/wp-content\/uploads\/sites\/4\/2025\/10\/06-pi-dia-podcast.jpg","title":"Lista de correo - Procesando Ideas","description":"Suscr\u00edbete a nuestra lista de correo para recibir las novedades de Procesando Ideas. Desde aqu\u00ed compartiremos una selecci\u00f3n de informaci\u00f3n, recomendaciones y pr"},"footnotes":""},"class_list":["post-198","page","type-page","status-publish","has-post-thumbnail","hentry"],"uagb_featured_image_src":{"full":["https:\/\/kamaniaudio.com\/procesandoideas\/wp-content\/uploads\/sites\/4\/2025\/10\/06-pi-dia-podcast.jpg",1080,1080,false],"thumbnail":["https:\/\/kamaniaudio.com\/procesandoideas\/wp-content\/uploads\/sites\/4\/2025\/10\/06-pi-dia-podcast-150x150.jpg",150,150,true],"medium":["https:\/\/kamaniaudio.com\/procesandoideas\/wp-content\/uploads\/sites\/4\/2025\/10\/06-pi-dia-podcast-300x300.jpg",300,300,true],"medium_large":["https:\/\/kamaniaudio.com\/procesandoideas\/wp-content\/uploads\/sites\/4\/2025\/10\/06-pi-dia-podcast-768x768.jpg",768,768,true],"large":["https:\/\/kamaniaudio.com\/procesandoideas\/wp-content\/uploads\/sites\/4\/2025\/10\/06-pi-dia-podcast-1024x1024.jpg",1024,1024,true],"1536x1536":["https:\/\/kamaniaudio.com\/procesandoideas\/wp-content\/uploads\/sites\/4\/2025\/10\/06-pi-dia-podcast.jpg",1080,1080,false],"2048x2048":["https:\/\/kamaniaudio.com\/procesandoideas\/wp-content\/uploads\/sites\/4\/2025\/10\/06-pi-dia-podcast.jpg",1080,1080,false]},"uagb_author_info":{"display_name":"procesandoideas","author_link":"https:\/\/kamaniaudio.com\/procesandoideas\/author\/procesandoideas\/"},"uagb_comment_info":0,"uagb_excerpt":"Suscr\u00edbete a nuestra lista de correo para recibir las novedades de Procesando Ideas. Desde aqu\u00ed compartiremos una selecci\u00f3n de informaci\u00f3n, recomendaciones y primicias.","_links":{"self":[{"href":"https:\/\/kamaniaudio.com\/procesandoideas\/wp-json\/wp\/v2\/pages\/198","targetHints":{"allow":["GET"]}}],"collection":[{"href":"https:\/\/kamaniaudio.com\/procesandoideas\/wp-json\/wp\/v2\/pages"}],"about":[{"href":"https:\/\/kamaniaudio.com\/procesandoideas\/wp-json\/wp\/v2\/types\/page"}],"author":[{"embeddable":true,"href":"https:\/\/kamaniaudio.com\/procesandoideas\/wp-json\/wp\/v2\/users\/25"}],"replies":[{"embeddable":true,"href":"https:\/\/kamaniaudio.com\/procesandoideas\/wp-json\/wp\/v2\/comments?post=198"}],"version-history":[{"count":7,"href":"https:\/\/kamaniaudio.com\/procesandoideas\/wp-json\/wp\/v2\/pages\/198\/revisions"}],"predecessor-version":[{"id":250,"href":"https:\/\/kamaniaudio.com\/procesandoideas\/wp-json\/wp\/v2\/pages\/198\/revisions\/250"}],"wp:featuredmedia":[{"embeddable":true,"href":"https:\/\/kamaniaudio.com\/procesandoideas\/wp-json\/wp\/v2\/media\/55"}],"wp:attachment":[{"href":"https:\/\/kamaniaudio.com\/procesandoideas\/wp-json\/wp\/v2\/media?parent=198"}],"curies":[{"name":"wp","href":"https:\/\/api.w.org\/{rel}","templated":true}]}}